{"id":10,"date":"2018-09-11T17:04:14","date_gmt":"2018-09-11T17:04:14","guid":{"rendered":"https:\/\/jupiterx.artbees.net\/dipitr\/?page_id=10"},"modified":"2026-02-26T18:50:06","modified_gmt":"2026-02-26T18:50:06","slug":"projets","status":"publish","type":"page","link":"https:\/\/sarafianarchitectes.com\/","title":{"rendered":"Projets"},"content":{"rendered":"\t\t<div data-elementor-type=\"wp-post\" data-elementor-id=\"10\" class=\"elementor elementor-10\">\n\t\t\t\t\t\t<section class=\"elementor-section elementor-top-section elementor-element elementor-element-6e0dc13 elementor-section-full_width elementor-section-height-default elementor-section-height-default\" data-id=\"6e0dc13\" data-element_type=\"section\" data-e-type=\"section\" data-settings=\"{&quot;jet_parallax_layout_list&quot;:[{&quot;jet_parallax_layout_image&quot;:{&quot;url&quot;:&quot;&quot;,&quot;id&quot;:&quot;&quot;,&quot;size&quot;:&quot;&quot;},&quot;_id&quot;:&quot;f5cb285&quot;,&quot;jet_parallax_layout_speed&quot;:{&quot;unit&quot;:&quot;%&quot;,&quot;size&quot;:&quot;50&quot;,&quot;sizes&quot;:[]},&quot;jet_parallax_layout_bg_x&quot;:&quot;50&quot;,&quot;jet_parallax_layout_bg_y&quot;:&quot;50&quot;,&quot;jet_parallax_layout_image_tablet&quot;:{&quot;url&quot;:&quot;&quot;,&quot;id&quot;:&quot;&quot;,&quot;size&quot;:&quot;&quot;},&quot;jet_parallax_layout_image_mobile&quot;:{&quot;url&quot;:&quot;&quot;,&quot;id&quot;:&quot;&quot;,&quot;size&quot;:&quot;&quot;},&quot;jet_parallax_layout_type&quot;:&quot;scroll&quot;,&quot;jet_parallax_layout_direction&quot;:&quot;1&quot;,&quot;jet_parallax_layout_fx_direction&quot;:null,&quot;jet_parallax_layout_z_index&quot;:&quot;&quot;,&quot;jet_parallax_layout_bg_x_tablet&quot;:&quot;&quot;,&quot;jet_parallax_layout_bg_x_mobile&quot;:&quot;&quot;,&quot;jet_parallax_layout_bg_y_tablet&quot;:&quot;&quot;,&quot;jet_parallax_layout_bg_y_mobile&quot;:&quot;&quot;,&quot;jet_parallax_layout_bg_size&quot;:&quot;auto&quot;,&quot;jet_parallax_layout_bg_size_tablet&quot;:&quot;&quot;,&quot;jet_parallax_layout_bg_size_mobile&quot;:&quot;&quot;,&quot;jet_parallax_layout_animation_prop&quot;:&quot;transform&quot;,&quot;jet_parallax_layout_on&quot;:[&quot;desktop&quot;,&quot;tablet&quot;]}]}\">\n\t\t\t\t\t\t<div class=\"elementor-container elementor-column-gap-no\">\n\t\t\t\t\t<div class=\"elementor-column elementor-col-100 elementor-top-column elementor-element elementor-element-aba11ab\" data-id=\"aba11ab\" data-element_type=\"column\" data-e-type=\"column\">\n\t\t\t<div class=\"elementor-widget-wrap elementor-element-populated\">\n\t\t\t\t\t\t<div class=\"elementor-element elementor-element-440cddf raven-hover-grayscale elementor-widget elementor-widget-raven-posts\" data-id=\"440cddf\" data-element_type=\"widget\" data-e-type=\"widget\" data-settings=\"{&quot;_skin&quot;:&quot;cover&quot;,&quot;query_posts_per_page&quot;:40,&quot;cover_show_sortable&quot;:&quot;yes&quot;,&quot;cover_columns&quot;:&quot;4&quot;,&quot;cover_show_custom_field&quot;:&quot;yes&quot;,&quot;cover_columns_mobile&quot;:&quot;4&quot;,&quot;cover_layout&quot;:&quot;grid&quot;,&quot;cover_columns_tablet&quot;:&quot;2&quot;,&quot;cover_show_all_title&quot;:&quot;yes&quot;,&quot;query_offset&quot;:0}\" data-widget_type=\"raven-posts.cover\">\n\t\t\t\t<div class=\"elementor-widget-container\">\n\t\t\t\t\t\t\t<div class=\"raven-sortable\">\n\t\t\t<div class=\"raven-sortable-items\">\n\t\t\t\t<a class=\"raven-sortable-item raven-sortable-active\" data-category=\"-1\" href=\"#\">All<\/a><a class=\"raven-sortable-item\" data-category=\"11\" href=\"#\">Bureaux<\/a><a class=\"raven-sortable-item\" data-category=\"10\" href=\"#\">Commerces<\/a><a class=\"raven-sortable-item\" data-category=\"3\" href=\"#\">\u00c9quipement<\/a><a class=\"raven-sortable-item\" data-category=\"4\" href=\"#\">Logements<\/a><a class=\"raven-sortable-item\" data-category=\"9\" href=\"#\">Sant\u00e9<\/a><a class=\"raven-sortable-item\" data-category=\"5\" href=\"#\">Villas<\/a>\t\t\t<\/div>\n\t\t<\/div>\n\t\t\t\t<div class=\"raven-posts raven-grid raven-grid-4 raven-grid-mobile-4 raven-grid-tablet-2\" data-post-id=\"10\" data-archive-query=\"\" data-lang=\"\">\n\t\t\t\t<div class=\"raven-grid-item raven-post-item post-24 portfolio type-portfolio status-publish has-post-thumbnail hentry portfolio_category-equipement\">\n\t\t\t<div class=\"raven-post raven-post-inside elementor-animation-shrink\">\n\t\t\t\t\t\t<div class=\"raven-post-image-wrap\">\n\t\t\t<a class=\"raven-post-image raven-image-fit\" href=\"https:\/\/sarafianarchitectes.com\/index.php\/portfolio\/centre-culturel-louis-aragon-septemes-les-vallons-2019\/\"><span class=\"raven-post-image-overlay\"><\/span> <img fetchpriority=\"high\" decoding=\"async\" width=\"2560\" height=\"1664\" src=\"https:\/\/sarafianarchitectes.com\/wp-content\/uploads\/2018\/09\/PLAN-1-scaled.png\" class=\"attachment-full size-full wp-image-489\" alt=\"\" srcset=\"https:\/\/sarafianarchitectes.com\/wp-content\/uploads\/2018\/09\/PLAN-1-scaled.png 2560w, https:\/\/sarafianarchitectes.com\/wp-content\/uploads\/2018\/09\/PLAN-1-300x195.png 300w, https:\/\/sarafianarchitectes.com\/wp-content\/uploads\/2018\/09\/PLAN-1-1024x666.png 1024w, https:\/\/sarafianarchitectes.com\/wp-content\/uploads\/2018\/09\/PLAN-1-768x499.png 768w, https:\/\/sarafianarchitectes.com\/wp-content\/uploads\/2018\/09\/PLAN-1-1536x998.png 1536w, https:\/\/sarafianarchitectes.com\/wp-content\/uploads\/2018\/09\/PLAN-1-2048x1331.png 2048w\" sizes=\"(max-width: 2560px) 100vw, 2560px\" \/><\/a>\t\t<\/div>\n\t\t\t\t\t\t\t<div class=\"raven-post-content\">\n\t\t\t\t\t\t<h3 class=\"raven-post-title\"><a class=\"raven-post-title-link\" href=\"https:\/\/sarafianarchitectes.com\/index.php\/portfolio\/centre-culturel-louis-aragon-septemes-les-vallons-2019\/\">Centre Culturel Louis Aragon, Sept\u00e8mes-les-Vallons, 2019<\/a><\/h3>\t\t<div class=\"raven-post-meta\"><span class=\"raven-post-meta-item raven-post-categories\"><a href=\"https:\/\/sarafianarchitectes.com\/index.php\/portfolio-category\/equipement\/\" rel=\"tag\">\u00c9quipement<\/a><\/span><\/div>\n\t\t\t\t\t\t\t<\/div>\n\t\t\t\t\t\t\t\t<\/div>\n\t\t<\/div>\n\t\t\t\t<div class=\"raven-grid-item raven-post-item post-60 portfolio type-portfolio status-publish has-post-thumbnail hentry portfolio_category-equipement\">\n\t\t\t<div class=\"raven-post raven-post-inside elementor-animation-shrink\">\n\t\t\t\t\t\t<div class=\"raven-post-image-wrap\">\n\t\t\t<a class=\"raven-post-image raven-image-fit\" href=\"https:\/\/sarafianarchitectes.com\/index.php\/portfolio\/rehabilitation-dune-eglise-simiane-collongue-2021\/\"><span class=\"raven-post-image-overlay\"><\/span> <img decoding=\"async\" width=\"2560\" height=\"2293\" src=\"https:\/\/sarafianarchitectes.com\/wp-content\/uploads\/2018\/09\/COUPE-scaled.png\" class=\"attachment-full size-full wp-image-469\" alt=\"\" srcset=\"https:\/\/sarafianarchitectes.com\/wp-content\/uploads\/2018\/09\/COUPE-scaled.png 2560w, https:\/\/sarafianarchitectes.com\/wp-content\/uploads\/2018\/09\/COUPE-300x269.png 300w, https:\/\/sarafianarchitectes.com\/wp-content\/uploads\/2018\/09\/COUPE-1024x917.png 1024w, https:\/\/sarafianarchitectes.com\/wp-content\/uploads\/2018\/09\/COUPE-768x688.png 768w, https:\/\/sarafianarchitectes.com\/wp-content\/uploads\/2018\/09\/COUPE-1536x1376.png 1536w, https:\/\/sarafianarchitectes.com\/wp-content\/uploads\/2018\/09\/COUPE-2048x1834.png 2048w\" sizes=\"(max-width: 2560px) 100vw, 2560px\" \/><\/a>\t\t<\/div>\n\t\t\t\t\t\t\t<div class=\"raven-post-content\">\n\t\t\t\t\t\t<h3 class=\"raven-post-title\"><a class=\"raven-post-title-link\" href=\"https:\/\/sarafianarchitectes.com\/index.php\/portfolio\/rehabilitation-dune-eglise-simiane-collongue-2021\/\">R\u00e9habilitation d&rsquo;une \u00e9glise, Simiane-Collongue, 2021<\/a><\/h3>\t\t<div class=\"raven-post-meta\"><span class=\"raven-post-meta-item raven-post-categories\"><a href=\"https:\/\/sarafianarchitectes.com\/index.php\/portfolio-category\/equipement\/\" rel=\"tag\">\u00c9quipement<\/a><\/span><\/div>\n\t\t\t\t\t\t\t<\/div>\n\t\t\t\t\t\t\t\t<\/div>\n\t\t<\/div>\n\t\t\t\t<div class=\"raven-grid-item raven-post-item post-63 portfolio type-portfolio status-publish has-post-thumbnail hentry portfolio_category-bureaux portfolio_category-equipement\">\n\t\t\t<div class=\"raven-post raven-post-inside elementor-animation-shrink\">\n\t\t\t\t\t\t<div class=\"raven-post-image-wrap\">\n\t\t\t<a class=\"raven-post-image raven-image-fit\" href=\"https:\/\/sarafianarchitectes.com\/index.php\/portfolio\/rehabilitation-dune-gare-arles-2019\/\"><span class=\"raven-post-image-overlay\"><\/span> <img decoding=\"async\" width=\"1672\" height=\"2240\" src=\"https:\/\/sarafianarchitectes.com\/wp-content\/uploads\/2018\/09\/IMG_0451.jpeg\" class=\"attachment-full size-full wp-image-488\" alt=\"\" srcset=\"https:\/\/sarafianarchitectes.com\/wp-content\/uploads\/2018\/09\/IMG_0451.jpeg 1672w, https:\/\/sarafianarchitectes.com\/wp-content\/uploads\/2018\/09\/IMG_0451-224x300.jpeg 224w, https:\/\/sarafianarchitectes.com\/wp-content\/uploads\/2018\/09\/IMG_0451-764x1024.jpeg 764w, https:\/\/sarafianarchitectes.com\/wp-content\/uploads\/2018\/09\/IMG_0451-768x1029.jpeg 768w, https:\/\/sarafianarchitectes.com\/wp-content\/uploads\/2018\/09\/IMG_0451-1147x1536.jpeg 1147w, https:\/\/sarafianarchitectes.com\/wp-content\/uploads\/2018\/09\/IMG_0451-1529x2048.jpeg 1529w\" sizes=\"(max-width: 1672px) 100vw, 1672px\" \/><\/a>\t\t<\/div>\n\t\t\t\t\t\t\t<div class=\"raven-post-content\">\n\t\t\t\t\t\t<h3 class=\"raven-post-title\"><a class=\"raven-post-title-link\" href=\"https:\/\/sarafianarchitectes.com\/index.php\/portfolio\/rehabilitation-dune-gare-arles-2019\/\">R\u00e9habilitation d&rsquo;une gare, Arles, 2019<\/a><\/h3>\t\t<div class=\"raven-post-meta\"><span class=\"raven-post-meta-item raven-post-categories\"><a href=\"https:\/\/sarafianarchitectes.com\/index.php\/portfolio-category\/bureaux\/\" rel=\"tag\">Bureaux<\/a>, <a href=\"https:\/\/sarafianarchitectes.com\/index.php\/portfolio-category\/equipement\/\" rel=\"tag\">\u00c9quipement<\/a><\/span><\/div>\n\t\t\t\t\t\t\t<\/div>\n\t\t\t\t\t\t\t\t<\/div>\n\t\t<\/div>\n\t\t\t\t<div class=\"raven-grid-item raven-post-item post-66 portfolio type-portfolio status-publish has-post-thumbnail hentry portfolio_category-logements\">\n\t\t\t<div class=\"raven-post raven-post-inside elementor-animation-shrink\">\n\t\t\t\t\t\t<div class=\"raven-post-image-wrap\">\n\t\t\t<a class=\"raven-post-image raven-image-fit\" href=\"https:\/\/sarafianarchitectes.com\/index.php\/portfolio\/domaine-de-la-tour-puget-ville-2015\/\"><span class=\"raven-post-image-overlay\"><\/span> <img loading=\"lazy\" decoding=\"async\" width=\"2560\" height=\"1221\" src=\"https:\/\/sarafianarchitectes.com\/wp-content\/uploads\/2018\/09\/aer-004-scaled.jpg\" class=\"attachment-full size-full wp-image-463\" alt=\"\" srcset=\"https:\/\/sarafianarchitectes.com\/wp-content\/uploads\/2018\/09\/aer-004-scaled.jpg 2560w, https:\/\/sarafianarchitectes.com\/wp-content\/uploads\/2018\/09\/aer-004-300x143.jpg 300w, https:\/\/sarafianarchitectes.com\/wp-content\/uploads\/2018\/09\/aer-004-1024x488.jpg 1024w, https:\/\/sarafianarchitectes.com\/wp-content\/uploads\/2018\/09\/aer-004-768x366.jpg 768w, https:\/\/sarafianarchitectes.com\/wp-content\/uploads\/2018\/09\/aer-004-1536x732.jpg 1536w, https:\/\/sarafianarchitectes.com\/wp-content\/uploads\/2018\/09\/aer-004-2048x977.jpg 2048w\" sizes=\"(max-width: 2560px) 100vw, 2560px\" \/><\/a>\t\t<\/div>\n\t\t\t\t\t\t\t<div class=\"raven-post-content\">\n\t\t\t\t\t\t<h3 class=\"raven-post-title\"><a class=\"raven-post-title-link\" href=\"https:\/\/sarafianarchitectes.com\/index.php\/portfolio\/domaine-de-la-tour-puget-ville-2015\/\">Domaine de la tour, Puget-Ville, 2015<\/a><\/h3>\t\t<div class=\"raven-post-meta\"><span class=\"raven-post-meta-item raven-post-categories\"><a href=\"https:\/\/sarafianarchitectes.com\/index.php\/portfolio-category\/logements\/\" rel=\"tag\">Logements<\/a><\/span><\/div>\n\t\t\t\t\t\t\t<\/div>\n\t\t\t\t\t\t\t\t<\/div>\n\t\t<\/div>\n\t\t\t\t<div class=\"raven-grid-item raven-post-item post-70 portfolio type-portfolio status-publish has-post-thumbnail hentry portfolio_category-villas\">\n\t\t\t<div class=\"raven-post raven-post-inside elementor-animation-shrink\">\n\t\t\t\t\t\t<div class=\"raven-post-image-wrap\">\n\t\t\t<a class=\"raven-post-image raven-image-fit\" href=\"https:\/\/sarafianarchitectes.com\/index.php\/portfolio\/villa-k-bouc-bel-air-2017\/\"><span class=\"raven-post-image-overlay\"><\/span> <img loading=\"lazy\" decoding=\"async\" width=\"2560\" height=\"1261\" src=\"https:\/\/sarafianarchitectes.com\/wp-content\/uploads\/2018\/09\/FACADE-1-scaled.png\" class=\"attachment-full size-full wp-image-462\" alt=\"\" srcset=\"https:\/\/sarafianarchitectes.com\/wp-content\/uploads\/2018\/09\/FACADE-1-scaled.png 2560w, https:\/\/sarafianarchitectes.com\/wp-content\/uploads\/2018\/09\/FACADE-1-300x148.png 300w, https:\/\/sarafianarchitectes.com\/wp-content\/uploads\/2018\/09\/FACADE-1-1024x504.png 1024w, https:\/\/sarafianarchitectes.com\/wp-content\/uploads\/2018\/09\/FACADE-1-768x378.png 768w, https:\/\/sarafianarchitectes.com\/wp-content\/uploads\/2018\/09\/FACADE-1-1536x757.png 1536w, https:\/\/sarafianarchitectes.com\/wp-content\/uploads\/2018\/09\/FACADE-1-2048x1009.png 2048w\" sizes=\"(max-width: 2560px) 100vw, 2560px\" \/><\/a>\t\t<\/div>\n\t\t\t\t\t\t\t<div class=\"raven-post-content\">\n\t\t\t\t\t\t<h3 class=\"raven-post-title\"><a class=\"raven-post-title-link\" href=\"https:\/\/sarafianarchitectes.com\/index.php\/portfolio\/villa-k-bouc-bel-air-2017\/\">Villa K, Bouc-Bel-Air, 2017<\/a><\/h3>\t\t<div class=\"raven-post-meta\"><span class=\"raven-post-meta-item raven-post-categories\"><a href=\"https:\/\/sarafianarchitectes.com\/index.php\/portfolio-category\/villas\/\" rel=\"tag\">Villas<\/a><\/span><\/div>\n\t\t\t\t\t\t\t<\/div>\n\t\t\t\t\t\t\t\t<\/div>\n\t\t<\/div>\n\t\t\t\t<div class=\"raven-grid-item raven-post-item post-77 portfolio type-portfolio status-publish has-post-thumbnail hentry portfolio_category-sante\">\n\t\t\t<div class=\"raven-post raven-post-inside elementor-animation-shrink\">\n\t\t\t\t\t\t<div class=\"raven-post-image-wrap\">\n\t\t\t<a class=\"raven-post-image raven-image-fit\" href=\"https:\/\/sarafianarchitectes.com\/index.php\/portfolio\/pole-medical-gonfaron-2024\/\"><span class=\"raven-post-image-overlay\"><\/span> <img loading=\"lazy\" decoding=\"async\" width=\"1190\" height=\"890\" src=\"https:\/\/sarafianarchitectes.com\/wp-content\/uploads\/2018\/09\/Capture-decran-2026-02-20-170401.png\" class=\"attachment-full size-full wp-image-461\" alt=\"\" srcset=\"https:\/\/sarafianarchitectes.com\/wp-content\/uploads\/2018\/09\/Capture-decran-2026-02-20-170401.png 1190w, https:\/\/sarafianarchitectes.com\/wp-content\/uploads\/2018\/09\/Capture-decran-2026-02-20-170401-300x224.png 300w, https:\/\/sarafianarchitectes.com\/wp-content\/uploads\/2018\/09\/Capture-decran-2026-02-20-170401-1024x766.png 1024w, https:\/\/sarafianarchitectes.com\/wp-content\/uploads\/2018\/09\/Capture-decran-2026-02-20-170401-768x574.png 768w\" sizes=\"(max-width: 1190px) 100vw, 1190px\" \/><\/a>\t\t<\/div>\n\t\t\t\t\t\t\t<div class=\"raven-post-content\">\n\t\t\t\t\t\t<h3 class=\"raven-post-title\"><a class=\"raven-post-title-link\" href=\"https:\/\/sarafianarchitectes.com\/index.php\/portfolio\/pole-medical-gonfaron-2024\/\">P\u00f4le M\u00e9dical, Gonfaron, 2024<\/a><\/h3>\t\t<div class=\"raven-post-meta\"><span class=\"raven-post-meta-item raven-post-categories\"><a href=\"https:\/\/sarafianarchitectes.com\/index.php\/portfolio-category\/sante\/\" rel=\"tag\">Sant\u00e9<\/a><\/span><\/div>\n\t\t\t\t\t\t\t<\/div>\n\t\t\t\t\t\t\t\t<\/div>\n\t\t<\/div>\n\t\t\t\t<div class=\"raven-grid-item raven-post-item post-81 portfolio type-portfolio status-publish has-post-thumbnail hentry portfolio_category-commerces\">\n\t\t\t<div class=\"raven-post raven-post-inside elementor-animation-shrink\">\n\t\t\t\t\t\t<div class=\"raven-post-image-wrap\">\n\t\t\t<a class=\"raven-post-image raven-image-fit\" href=\"https:\/\/sarafianarchitectes.com\/index.php\/portfolio\/restaurant-dame-jeanne-marseille-2024\/\"><span class=\"raven-post-image-overlay\"><\/span> <img loading=\"lazy\" decoding=\"async\" width=\"1472\" height=\"981\" src=\"https:\/\/sarafianarchitectes.com\/wp-content\/uploads\/2018\/09\/9819AAA2-EE5C-40E7-95D6-7A33D3484ED4.jpg\" class=\"attachment-full size-full wp-image-459\" alt=\"\" srcset=\"https:\/\/sarafianarchitectes.com\/wp-content\/uploads\/2018\/09\/9819AAA2-EE5C-40E7-95D6-7A33D3484ED4.jpg 1472w, https:\/\/sarafianarchitectes.com\/wp-content\/uploads\/2018\/09\/9819AAA2-EE5C-40E7-95D6-7A33D3484ED4-300x200.jpg 300w, https:\/\/sarafianarchitectes.com\/wp-content\/uploads\/2018\/09\/9819AAA2-EE5C-40E7-95D6-7A33D3484ED4-1024x682.jpg 1024w, https:\/\/sarafianarchitectes.com\/wp-content\/uploads\/2018\/09\/9819AAA2-EE5C-40E7-95D6-7A33D3484ED4-768x512.jpg 768w\" sizes=\"(max-width: 1472px) 100vw, 1472px\" \/><\/a>\t\t<\/div>\n\t\t\t\t\t\t\t<div class=\"raven-post-content\">\n\t\t\t\t\t\t<h3 class=\"raven-post-title\"><a class=\"raven-post-title-link\" href=\"https:\/\/sarafianarchitectes.com\/index.php\/portfolio\/restaurant-dame-jeanne-marseille-2024\/\">Restaurant Dame Jeanne, Marseille, 2024<\/a><\/h3>\t\t<div class=\"raven-post-meta\"><span class=\"raven-post-meta-item raven-post-categories\"><a href=\"https:\/\/sarafianarchitectes.com\/index.php\/portfolio-category\/commerces\/\" rel=\"tag\">Commerces<\/a><\/span><\/div>\n\t\t\t\t\t\t\t<\/div>\n\t\t\t\t\t\t\t\t<\/div>\n\t\t<\/div>\n\t\t\t\t<div class=\"raven-grid-item raven-post-item post-86 portfolio type-portfolio status-publish has-post-thumbnail hentry portfolio_category-equipement portfolio_category-logements portfolio_category-villas\">\n\t\t\t<div class=\"raven-post raven-post-inside elementor-animation-shrink\">\n\t\t\t\t\t\t<div class=\"raven-post-image-wrap\">\n\t\t\t<a class=\"raven-post-image raven-image-fit\" href=\"https:\/\/sarafianarchitectes.com\/index.php\/portfolio\/ilot-gambetta-saint-maximin-la-sainte-baume-2018\/\"><span class=\"raven-post-image-overlay\"><\/span> <img loading=\"lazy\" decoding=\"async\" width=\"1885\" height=\"1463\" src=\"https:\/\/sarafianarchitectes.com\/wp-content\/uploads\/2018\/09\/IMG_0643.jpeg\" class=\"attachment-full size-full wp-image-482\" alt=\"\" srcset=\"https:\/\/sarafianarchitectes.com\/wp-content\/uploads\/2018\/09\/IMG_0643.jpeg 1885w, https:\/\/sarafianarchitectes.com\/wp-content\/uploads\/2018\/09\/IMG_0643-300x233.jpeg 300w, https:\/\/sarafianarchitectes.com\/wp-content\/uploads\/2018\/09\/IMG_0643-1024x795.jpeg 1024w, https:\/\/sarafianarchitectes.com\/wp-content\/uploads\/2018\/09\/IMG_0643-768x596.jpeg 768w, https:\/\/sarafianarchitectes.com\/wp-content\/uploads\/2018\/09\/IMG_0643-1536x1192.jpeg 1536w\" sizes=\"(max-width: 1885px) 100vw, 1885px\" \/><\/a>\t\t<\/div>\n\t\t\t\t\t\t\t<div class=\"raven-post-content\">\n\t\t\t\t\t\t<h3 class=\"raven-post-title\"><a class=\"raven-post-title-link\" href=\"https:\/\/sarafianarchitectes.com\/index.php\/portfolio\/ilot-gambetta-saint-maximin-la-sainte-baume-2018\/\">\u00celot Gambetta, Saint-Maximin-la-Sainte-Baume, 2018<\/a><\/h3>\t\t<div class=\"raven-post-meta\"><span class=\"raven-post-meta-item raven-post-categories\"><a href=\"https:\/\/sarafianarchitectes.com\/index.php\/portfolio-category\/equipement\/\" rel=\"tag\">\u00c9quipement<\/a>, <a href=\"https:\/\/sarafianarchitectes.com\/index.php\/portfolio-category\/logements\/\" rel=\"tag\">Logements<\/a>, <a href=\"https:\/\/sarafianarchitectes.com\/index.php\/portfolio-category\/villas\/\" rel=\"tag\">Villas<\/a><\/span><\/div>\n\t\t\t\t\t\t\t<\/div>\n\t\t\t\t\t\t\t\t<\/div>\n\t\t<\/div>\n\t\t\t\t<div class=\"raven-grid-item raven-post-item post-91 portfolio type-portfolio status-publish has-post-thumbnail hentry portfolio_category-bureaux\">\n\t\t\t<div class=\"raven-post raven-post-inside elementor-animation-shrink\">\n\t\t\t\t\t\t<div class=\"raven-post-image-wrap\">\n\t\t\t<a class=\"raven-post-image raven-image-fit\" href=\"https:\/\/sarafianarchitectes.com\/index.php\/portfolio\/siege-social-toulon-2018\/\"><span class=\"raven-post-image-overlay\"><\/span> <img loading=\"lazy\" decoding=\"async\" width=\"480\" height=\"640\" src=\"https:\/\/sarafianarchitectes.com\/wp-content\/uploads\/2018\/09\/IMG_2002-rotated.jpg\" class=\"attachment-full size-full wp-image-456\" alt=\"\" srcset=\"https:\/\/sarafianarchitectes.com\/wp-content\/uploads\/2018\/09\/IMG_2002-rotated.jpg 480w, https:\/\/sarafianarchitectes.com\/wp-content\/uploads\/2018\/09\/IMG_2002-225x300.jpg 225w\" sizes=\"(max-width: 480px) 100vw, 480px\" \/><\/a>\t\t<\/div>\n\t\t\t\t\t\t\t<div class=\"raven-post-content\">\n\t\t\t\t\t\t<h3 class=\"raven-post-title\"><a class=\"raven-post-title-link\" href=\"https:\/\/sarafianarchitectes.com\/index.php\/portfolio\/siege-social-toulon-2018\/\">Si\u00e8ge Social, Toulon, 2018<\/a><\/h3>\t\t<div class=\"raven-post-meta\"><span class=\"raven-post-meta-item raven-post-categories\"><a href=\"https:\/\/sarafianarchitectes.com\/index.php\/portfolio-category\/bureaux\/\" rel=\"tag\">Bureaux<\/a><\/span><\/div>\n\t\t\t\t\t\t\t<\/div>\n\t\t\t\t\t\t\t\t<\/div>\n\t\t<\/div>\n\t\t\t\t<div class=\"raven-grid-item raven-post-item post-210 portfolio type-portfolio status-publish has-post-thumbnail hentry portfolio_category-equipement\">\n\t\t\t<div class=\"raven-post raven-post-inside elementor-animation-shrink\">\n\t\t\t\t\t\t<div class=\"raven-post-image-wrap\">\n\t\t\t<a class=\"raven-post-image raven-image-fit\" href=\"https:\/\/sarafianarchitectes.com\/index.php\/portfolio\/parc-de-la-bedouffe-simiane-collongue-2022\/\"><span class=\"raven-post-image-overlay\"><\/span> <img loading=\"lazy\" decoding=\"async\" width=\"1200\" height=\"1600\" src=\"https:\/\/sarafianarchitectes.com\/wp-content\/uploads\/2026\/02\/WhatsApp-Image-2025-12-29-at-10.48.07.jpeg\" class=\"attachment-full size-full wp-image-455\" alt=\"\" srcset=\"https:\/\/sarafianarchitectes.com\/wp-content\/uploads\/2026\/02\/WhatsApp-Image-2025-12-29-at-10.48.07.jpeg 1200w, https:\/\/sarafianarchitectes.com\/wp-content\/uploads\/2026\/02\/WhatsApp-Image-2025-12-29-at-10.48.07-225x300.jpeg 225w, https:\/\/sarafianarchitectes.com\/wp-content\/uploads\/2026\/02\/WhatsApp-Image-2025-12-29-at-10.48.07-768x1024.jpeg 768w, https:\/\/sarafianarchitectes.com\/wp-content\/uploads\/2026\/02\/WhatsApp-Image-2025-12-29-at-10.48.07-1152x1536.jpeg 1152w\" sizes=\"(max-width: 1200px) 100vw, 1200px\" \/><\/a>\t\t<\/div>\n\t\t\t\t\t\t\t<div class=\"raven-post-content\">\n\t\t\t\t\t\t<h3 class=\"raven-post-title\"><a class=\"raven-post-title-link\" href=\"https:\/\/sarafianarchitectes.com\/index.php\/portfolio\/parc-de-la-bedouffe-simiane-collongue-2022\/\">Parc de la B\u00e9douffe, Simiane-Collongue, 2022<\/a><\/h3>\t\t<div class=\"raven-post-meta\"><span class=\"raven-post-meta-item raven-post-categories\"><a href=\"https:\/\/sarafianarchitectes.com\/index.php\/portfolio-category\/equipement\/\" rel=\"tag\">\u00c9quipement<\/a><\/span><\/div>\n\t\t\t\t\t\t\t<\/div>\n\t\t\t\t\t\t\t\t<\/div>\n\t\t<\/div>\n\t\t\t\t<\/div>\n\t\t\t\t\t\t<\/div>\n\t\t\t\t<\/div>\n\t\t\t\t\t<\/div>\n\t\t<\/div>\n\t\t\t\t\t<\/div>\n\t\t<\/section>\n\t\t\t\t<\/div>\n\t\t","protected":false},"excerpt":{"rendered":"<p>AllBureauxCommerces\u00c9quipementLogementsSant\u00e9Villas Centre Culturel Louis Aragon, Sept\u00e8mes-les-Vallons, 2019 \u00c9quipement R\u00e9habilitation d&rsquo;une \u00e9glise, Simiane-Collongue, 2021 \u00c9quipement R\u00e9habilitation d&rsquo;une gare, Arles, 2019 Bureaux, \u00c9quipement Domaine de la tour, Puget-Ville, 2015 Logements Villa K, Bouc-Bel-Air, 2017 Villas P\u00f4le M\u00e9dical, Gonfaron, 2024 Sant\u00e9 Restaurant Dame Jeanne, Marseille, 2024 Commerces \u00celot Gambetta, Saint-Maximin-la-Sainte-Baume, 2018 \u00c9quipement, Logements, Villas Si\u00e8ge Social, Toulon, 2018 [&hellip;]<\/p>\n","protected":false},"author":1,"featured_media":0,"parent":0,"menu_order":0,"comment_status":"closed","ping_status":"closed","template":"elementor_header_footer","meta":{"_acf_changed":false,"footnotes":""},"class_list":["post-10","page","type-page","status-publish","hentry"],"acf":[],"_links":{"self":[{"href":"https:\/\/sarafianarchitectes.com\/index.php\/wp-json\/wp\/v2\/pages\/10","targetHints":{"allow":["GET"]}}],"collection":[{"href":"https:\/\/sarafianarchitectes.com\/index.php\/wp-json\/wp\/v2\/pages"}],"about":[{"href":"https:\/\/sarafianarchitectes.com\/index.php\/wp-json\/wp\/v2\/types\/page"}],"author":[{"embeddable":true,"href":"https:\/\/sarafianarchitectes.com\/index.php\/wp-json\/wp\/v2\/users\/1"}],"replies":[{"embeddable":true,"href":"https:\/\/sarafianarchitectes.com\/index.php\/wp-json\/wp\/v2\/comments?post=10"}],"version-history":[{"count":28,"href":"https:\/\/sarafianarchitectes.com\/index.php\/wp-json\/wp\/v2\/pages\/10\/revisions"}],"predecessor-version":[{"id":533,"href":"https:\/\/sarafianarchitectes.com\/index.php\/wp-json\/wp\/v2\/pages\/10\/revisions\/533"}],"wp:attachment":[{"href":"https:\/\/sarafianarchitectes.com\/index.php\/wp-json\/wp\/v2\/media?parent=10"}],"curies":[{"name":"wp","href":"https:\/\/api.w.org\/{rel}","templated":true}]}}